{"id":197,"date":"2023-10-24T16:35:50","date_gmt":"2023-10-24T14:35:50","guid":{"rendered":"https:\/\/crearcompartir.com\/wordpress\/?page_id=197"},"modified":"2025-06-05T19:12:31","modified_gmt":"2025-06-05T17:12:31","slug":"bienvenids-a-crear-y-compartir","status":"publish","type":"page","link":"https:\/\/crearcompartir.com\/wordpress\/","title":{"rendered":"Bienvenid@s a CREAR Y COMPARTIR"},"content":{"rendered":"\n<p class=\"has-text-align-justify\">Bienvenidos a <strong>CREAR Y COMPARTIR<\/strong>, entidad afincada en la <strong>localidad barcelonesa de Abrera<\/strong> cuyo objetivo es promover la cultura, la creaci\u00f3n, el desarrollo personal, el acto de compartir y la importancia de disfrutar de la vida y de la esencia de las personas.<\/p>\n\n\n\n<p>El coraz\u00f3n de nuestra entidad es la <strong>Sala ENCUENTRO<\/strong>, un espacio multifuncional situado en <strong>Abrera<\/strong> inaugurado en <strong>octubre de 2023<\/strong>.<\/p>\n\n\n\n<p><strong>ENCUENTRO<\/strong> es el espacio donde los artistas que nos visitan comparten sus creaciones con el p\u00fablico.<\/p>\n\n\n\n<p>En estas dos primeras temporadas de vida, <strong>ENCUENTRO<\/strong> ha acogido m\u00e1s de 60 eventos: conciertos, mon\u00f3logos, espect\u00e1culos de peque\u00f1o formato, presentaciones, charlas, desfile de moda\u2026<\/p>\n\n\n\n<p>La temporada de <strong>ENCUENTRO<\/strong> es de octubre a mayo y, durante esos meses, intentamos programar un evento cada fin de semana.<\/p>\n\n\n\n<p>Es un espacio donde artistas noveles y j\u00f3venes creadores pueden mostrar su talento y generar nuevo p\u00fablico, pero tambi\u00e9n donde profesionales con una trayectoria art\u00edstica y creativa ya consolidada pueden presentar su propuesta en un entorno \u00edntimo y \u00fanico.<\/p>\n\n\n\n<p>En <strong>ENCUENTRO<\/strong> disponemos de un <strong>servicio de Bar<\/strong> con precios colaborativos para mejorar la experiencia del p\u00fablico, que puede tomar una copa o refresco mientras disfruta del evento.<\/p>\n\n\n\n<p><strong>ENCUENTRO<\/strong> es la sede de nuestra entidad, pero desde la Asociaci\u00f3n podemos tambi\u00e9n producir y promover eventos socioculturales en otros espacios, tanto del mismo municipio como de fuera de \u00e9l.<\/p>\n\n\n\n<p class=\"has-text-align-justify\">Si a\u00fan no nos has visitado, te animamos a que lo hagas!<\/p>\n\n\n\n<p><strong>\u00a1Descubre c\u00f3mo <a href=\"https:\/\/crearcompartir.com\/wordpress\/colabora\/\">COLABORAR<\/a> con nosotras!<\/strong><\/p>\n","protected":false},"excerpt":{"rendered":"<p>Bienvenidos a CREAR Y COMPARTIR, entidad afincada en la localidad barcelonesa de Abrera cuyo objetivo es promover la cultura, la creaci\u00f3n, el desarrollo personal, el acto de compartir y la importancia de disfrutar de la vida y de la esencia de las personas. El coraz\u00f3n de nuestra entidad es la Sala ENCUENTRO, un espacio multifuncional [&hellip;]<\/p>\n","protected":false},"author":1,"featured_media":0,"parent":0,"menu_order":0,"comment_status":"closed","ping_status":"closed","template":"","meta":{"footnotes":""},"class_list":["post-197","page","type-page","status-publish","hentry","post"],"yoast_head":"<!-- This site is optimized with the Yoast SEO plugin v27.5 - https:\/\/yoast.com\/product\/yoast-seo-wordpress\/ -->\n<title>Bienvenid@s a CREAR Y COMPARTIR - Crear Compartir<\/title>\n<meta name=\"description\" content=\"Art\u00edculo de bienvenida de la entidad CREAR Y COMPARTIR, una asociaci\u00f3n sociocultural afincada en Abrera desde 2023.\" \/>\n<meta name=\"robots\" content=\"index, follow, max-snippet:-1, max-image-preview:large, max-video-preview:-1\" \/>\n<link rel=\"canonical\" href=\"https:\/\/crearcompartir.com\/wordpress\/\" \/>\n<meta property=\"og:locale\" content=\"es_ES\" \/>\n<meta property=\"og:type\" content=\"article\" \/>\n<meta property=\"og:title\" content=\"Bienvenid@s a CREAR Y COMPARTIR - Crear Compartir\" \/>\n<meta property=\"og:description\" content=\"Art\u00edculo de bienvenida de la entidad CREAR Y COMPARTIR, una asociaci\u00f3n sociocultural afincada en Abrera desde 2023.\" \/>\n<meta property=\"og:url\" content=\"https:\/\/crearcompartir.com\/wordpress\/\" \/>\n<meta property=\"og:site_name\" content=\"Crear Compartir\" \/>\n<meta property=\"article:publisher\" content=\"https:\/\/www.facebook.com\/profile.php?id=100093587113765\" \/>\n<meta property=\"article:modified_time\" content=\"2025-06-05T17:12:31+00:00\" \/>\n<meta property=\"og:image\" content=\"https:\/\/crearcompartir.com\/wordpress\/wp-content\/uploads\/2023\/10\/LogoCC_SEO.jpg\" \/>\n\t<meta property=\"og:image:width\" content=\"1200\" \/>\n\t<meta property=\"og:image:height\" content=\"675\" \/>\n\t<meta property=\"og:image:type\" content=\"image\/jpeg\" \/>\n<meta name=\"twitter:card\" content=\"summary_large_image\" \/>\n<meta name=\"twitter:site\" content=\"@crearcompartir\" \/>\n<meta name=\"twitter:label1\" content=\"Tiempo de lectura\" \/>\n\t<meta name=\"twitter:data1\" content=\"2 minutos\" \/>\n<script type=\"application\/ld+json\" class=\"yoast-schema-graph\">{\"@context\":\"https:\\\/\\\/schema.org\",\"@graph\":[{\"@type\":\"WebPage\",\"@id\":\"https:\\\/\\\/crearcompartir.com\\\/wordpress\\\/\",\"url\":\"https:\\\/\\\/crearcompartir.com\\\/wordpress\\\/\",\"name\":\"Bienvenid@s a CREAR Y COMPARTIR - Crear Compartir\",\"isPartOf\":{\"@id\":\"https:\\\/\\\/crearcompartir.com\\\/wordpress\\\/#website\"},\"datePublished\":\"2023-10-24T14:35:50+00:00\",\"dateModified\":\"2025-06-05T17:12:31+00:00\",\"description\":\"Art\u00edculo de bienvenida de la entidad CREAR Y COMPARTIR, una asociaci\u00f3n sociocultural afincada en Abrera desde 2023.\",\"breadcrumb\":{\"@id\":\"https:\\\/\\\/crearcompartir.com\\\/wordpress\\\/#breadcrumb\"},\"inLanguage\":\"es\",\"potentialAction\":[{\"@type\":\"ReadAction\",\"target\":[\"https:\\\/\\\/crearcompartir.com\\\/wordpress\\\/\"]}]},{\"@type\":\"BreadcrumbList\",\"@id\":\"https:\\\/\\\/crearcompartir.com\\\/wordpress\\\/#breadcrumb\",\"itemListElement\":[{\"@type\":\"ListItem\",\"position\":1,\"name\":\"Portada\",\"item\":\"https:\\\/\\\/crearcompartir.com\\\/wordpress\\\/\"},{\"@type\":\"ListItem\",\"position\":2,\"name\":\"Bienvenid@s a CREAR Y COMPARTIR\"}]},{\"@type\":\"WebSite\",\"@id\":\"https:\\\/\\\/crearcompartir.com\\\/wordpress\\\/#website\",\"url\":\"https:\\\/\\\/crearcompartir.com\\\/wordpress\\\/\",\"name\":\"Crear Compartir\",\"description\":\"Web oficial de la entidad sociocultural Crear Compartir\",\"publisher\":{\"@id\":\"https:\\\/\\\/crearcompartir.com\\\/wordpress\\\/#organization\"},\"potentialAction\":[{\"@type\":\"SearchAction\",\"target\":{\"@type\":\"EntryPoint\",\"urlTemplate\":\"https:\\\/\\\/crearcompartir.com\\\/wordpress\\\/?s={search_term_string}\"},\"query-input\":{\"@type\":\"PropertyValueSpecification\",\"valueRequired\":true,\"valueName\":\"search_term_string\"}}],\"inLanguage\":\"es\"},{\"@type\":\"Organization\",\"@id\":\"https:\\\/\\\/crearcompartir.com\\\/wordpress\\\/#organization\",\"name\":\"Asociaci\u00f3n Crear y Compartir\",\"url\":\"https:\\\/\\\/crearcompartir.com\\\/wordpress\\\/\",\"logo\":{\"@type\":\"ImageObject\",\"inLanguage\":\"es\",\"@id\":\"https:\\\/\\\/crearcompartir.com\\\/wordpress\\\/#\\\/schema\\\/logo\\\/image\\\/\",\"url\":\"https:\\\/\\\/crearcompartir.com\\\/wordpress\\\/wp-content\\\/uploads\\\/2023\\\/10\\\/logo_transparent-e1696433415887.png\",\"contentUrl\":\"https:\\\/\\\/crearcompartir.com\\\/wordpress\\\/wp-content\\\/uploads\\\/2023\\\/10\\\/logo_transparent-e1696433415887.png\",\"width\":199,\"height\":131,\"caption\":\"Asociaci\u00f3n Crear y Compartir\"},\"image\":{\"@id\":\"https:\\\/\\\/crearcompartir.com\\\/wordpress\\\/#\\\/schema\\\/logo\\\/image\\\/\"},\"sameAs\":[\"https:\\\/\\\/www.facebook.com\\\/profile.php?id=100093587113765\",\"https:\\\/\\\/x.com\\\/crearcompartir\",\"https:\\\/\\\/www.instagram.com\\\/crearcompartir\\\/\"]}]}<\/script>\n<!-- \/ Yoast SEO plugin. -->","yoast_head_json":{"title":"Bienvenid@s a CREAR Y COMPARTIR - Crear Compartir","description":"Art\u00edculo de bienvenida de la entidad CREAR Y COMPARTIR, una asociaci\u00f3n sociocultural afincada en Abrera desde 2023.","robots":{"index":"index","follow":"follow","max-snippet":"max-snippet:-1","max-image-preview":"max-image-preview:large","max-video-preview":"max-video-preview:-1"},"canonical":"https:\/\/crearcompartir.com\/wordpress\/","og_locale":"es_ES","og_type":"article","og_title":"Bienvenid@s a CREAR Y COMPARTIR - Crear Compartir","og_description":"Art\u00edculo de bienvenida de la entidad CREAR Y COMPARTIR, una asociaci\u00f3n sociocultural afincada en Abrera desde 2023.","og_url":"https:\/\/crearcompartir.com\/wordpress\/","og_site_name":"Crear Compartir","article_publisher":"https:\/\/www.facebook.com\/profile.php?id=100093587113765","article_modified_time":"2025-06-05T17:12:31+00:00","og_image":[{"width":1200,"height":675,"url":"https:\/\/crearcompartir.com\/wordpress\/wp-content\/uploads\/2023\/10\/LogoCC_SEO.jpg","type":"image\/jpeg"}],"twitter_card":"summary_large_image","twitter_site":"@crearcompartir","twitter_misc":{"Tiempo de lectura":"2 minutos"},"schema":{"@context":"https:\/\/schema.org","@graph":[{"@type":"WebPage","@id":"https:\/\/crearcompartir.com\/wordpress\/","url":"https:\/\/crearcompartir.com\/wordpress\/","name":"Bienvenid@s a CREAR Y COMPARTIR - Crear Compartir","isPartOf":{"@id":"https:\/\/crearcompartir.com\/wordpress\/#website"},"datePublished":"2023-10-24T14:35:50+00:00","dateModified":"2025-06-05T17:12:31+00:00","description":"Art\u00edculo de bienvenida de la entidad CREAR Y COMPARTIR, una asociaci\u00f3n sociocultural afincada en Abrera desde 2023.","breadcrumb":{"@id":"https:\/\/crearcompartir.com\/wordpress\/#breadcrumb"},"inLanguage":"es","potentialAction":[{"@type":"ReadAction","target":["https:\/\/crearcompartir.com\/wordpress\/"]}]},{"@type":"BreadcrumbList","@id":"https:\/\/crearcompartir.com\/wordpress\/#breadcrumb","itemListElement":[{"@type":"ListItem","position":1,"name":"Portada","item":"https:\/\/crearcompartir.com\/wordpress\/"},{"@type":"ListItem","position":2,"name":"Bienvenid@s a CREAR Y COMPARTIR"}]},{"@type":"WebSite","@id":"https:\/\/crearcompartir.com\/wordpress\/#website","url":"https:\/\/crearcompartir.com\/wordpress\/","name":"Crear Compartir","description":"Web oficial de la entidad sociocultural Crear Compartir","publisher":{"@id":"https:\/\/crearcompartir.com\/wordpress\/#organization"},"potentialAction":[{"@type":"SearchAction","target":{"@type":"EntryPoint","urlTemplate":"https:\/\/crearcompartir.com\/wordpress\/?s={search_term_string}"},"query-input":{"@type":"PropertyValueSpecification","valueRequired":true,"valueName":"search_term_string"}}],"inLanguage":"es"},{"@type":"Organization","@id":"https:\/\/crearcompartir.com\/wordpress\/#organization","name":"Asociaci\u00f3n Crear y Compartir","url":"https:\/\/crearcompartir.com\/wordpress\/","logo":{"@type":"ImageObject","inLanguage":"es","@id":"https:\/\/crearcompartir.com\/wordpress\/#\/schema\/logo\/image\/","url":"https:\/\/crearcompartir.com\/wordpress\/wp-content\/uploads\/2023\/10\/logo_transparent-e1696433415887.png","contentUrl":"https:\/\/crearcompartir.com\/wordpress\/wp-content\/uploads\/2023\/10\/logo_transparent-e1696433415887.png","width":199,"height":131,"caption":"Asociaci\u00f3n Crear y Compartir"},"image":{"@id":"https:\/\/crearcompartir.com\/wordpress\/#\/schema\/logo\/image\/"},"sameAs":["https:\/\/www.facebook.com\/profile.php?id=100093587113765","https:\/\/x.com\/crearcompartir","https:\/\/www.instagram.com\/crearcompartir\/"]}]}},"jetpack_sharing_enabled":true,"_links":{"self":[{"href":"https:\/\/crearcompartir.com\/wordpress\/wp-json\/wp\/v2\/pages\/197","targetHints":{"allow":["GET"]}}],"collection":[{"href":"https:\/\/crearcompartir.com\/wordpress\/wp-json\/wp\/v2\/pages"}],"about":[{"href":"https:\/\/crearcompartir.com\/wordpress\/wp-json\/wp\/v2\/types\/page"}],"author":[{"embeddable":true,"href":"https:\/\/crearcompartir.com\/wordpress\/wp-json\/wp\/v2\/users\/1"}],"replies":[{"embeddable":true,"href":"https:\/\/crearcompartir.com\/wordpress\/wp-json\/wp\/v2\/comments?post=197"}],"version-history":[{"count":5,"href":"https:\/\/crearcompartir.com\/wordpress\/wp-json\/wp\/v2\/pages\/197\/revisions"}],"predecessor-version":[{"id":819,"href":"https:\/\/crearcompartir.com\/wordpress\/wp-json\/wp\/v2\/pages\/197\/revisions\/819"}],"wp:attachment":[{"href":"https:\/\/crearcompartir.com\/wordpress\/wp-json\/wp\/v2\/media?parent=197"}],"curies":[{"name":"wp","href":"https:\/\/api.w.org\/{rel}","templated":true}]}}

<p class="has-text-align-justify">Bienvenidos a <strong>CREAR Y COMPARTIR</strong>, entidad afincada en la <strong>localidad barcelonesa de Abrera</strong> cuyo objetivo es promover la cultura, la creación, el desarrollo personal, el acto de compartir y la importancia de disfrutar de la vida y de la esencia de las personas.</p>



<p>El corazón de nuestra entidad es la <strong>Sala ENCUENTRO</strong>, un espacio multifuncional situado en <strong>Abrera</strong> inaugurado en <strong>octubre de 2023</strong>.</p>



<p><strong>ENCUENTRO</strong> es el espacio donde los artistas que nos visitan comparten sus creaciones con el público.</p>



<p>En estas dos primeras temporadas de vida, <strong>ENCUENTRO</strong> ha acogido más de 60 eventos: conciertos, monólogos, espectáculos de pequeño formato, presentaciones, charlas, desfile de moda…</p>



<p>La temporada de <strong>ENCUENTRO</strong> es de octubre a mayo y, durante esos meses, intentamos programar un evento cada fin de semana.</p>



<p>Es un espacio donde artistas noveles y jóvenes creadores pueden mostrar su talento y generar nuevo público, pero también donde profesionales con una trayectoria artística y creativa ya consolidada pueden presentar su propuesta en un entorno íntimo y único.</p>



<p>En <strong>ENCUENTRO</strong> disponemos de un <strong>servicio de Bar</strong> con precios colaborativos para mejorar la experiencia del público, que puede tomar una copa o refresco mientras disfruta del evento.</p>



<p><strong>ENCUENTRO</strong> es la sede de nuestra entidad, pero desde la Asociación podemos también producir y promover eventos socioculturales en otros espacios, tanto del mismo municipio como de fuera de él.</p>



<p class="has-text-align-justify">Si aún no nos has visitado, te animamos a que lo hagas!</p>



<p><strong>¡Descubre cómo <a href="https://crearcompartir.com/wordpress/colabora/">COLABORAR</a> con nosotras!</strong></p>

<p>Bienvenidos a CREAR Y COMPARTIR, entidad afincada en la localidad barcelonesa de Abrera cuyo objetivo es promover la cultura, la creación, el desarrollo personal, el acto de compartir y la importancia de disfrutar de la vida y de la esencia de las personas. El corazón de nuestra entidad es la Sala ENCUENTRO, un espacio multifuncional [&hellip;]</p>

<!-- This site is optimized with the Yoast SEO plugin v27.5 - https://yoast.com/product/yoast-seo-wordpress/ -->
<title>Bienvenid@s a CREAR Y COMPARTIR - Crear Compartir</title>
<meta name="description" content="Artículo de bienvenida de la entidad CREAR Y COMPARTIR, una asociación sociocultural afincada en Abrera desde 2023." />
<meta name="robots" content="index, follow, max-snippet:-1, max-image-preview:large, max-video-preview:-1" />
<link rel="canonical" href="https://crearcompartir.com/wordpress/" />
<meta property="og:locale" content="es_ES" />
<meta property="og:type" content="article" />
<meta property="og:title" content="Bienvenid@s a CREAR Y COMPARTIR - Crear Compartir" />
<meta property="og:description" content="Artículo de bienvenida de la entidad CREAR Y COMPARTIR, una asociación sociocultural afincada en Abrera desde 2023." />
<meta property="og:url" content="https://crearcompartir.com/wordpress/" />
<meta property="og:site_name" content="Crear Compartir" />
<meta property="article:publisher" content="https://www.facebook.com/profile.php?id=100093587113765" />
<meta property="article:modified_time" content="2025-06-05T17:12:31+00:00" />
<meta property="og:image" content="https://crearcompartir.com/wordpress/wp-content/uploads/2023/10/LogoCC_SEO.jpg" />
	<meta property="og:image:width" content="1200" />
	<meta property="og:image:height" content="675" />
	<meta property="og:image:type" content="image/jpeg" />
<meta name="twitter:card" content="summary_large_image" />
<meta name="twitter:site" content="@crearcompartir" />
<meta name="twitter:label1" content="Tiempo de lectura" />
	<meta name="twitter:data1" content="2 minutos" />
<script type="application/ld+json" class="yoast-schema-graph">{"@context":"https:\/\/schema.org","@graph":[{"@type":"WebPage","@id":"https:\/\/crearcompartir.com\/wordpress\/","url":"https:\/\/crearcompartir.com\/wordpress\/","name":"Bienvenid@s a CREAR Y COMPARTIR - Crear Compartir","isPartOf":{"@id":"https:\/\/crearcompartir.com\/wordpress\/#website"},"datePublished":"2023-10-24T14:35:50+00:00","dateModified":"2025-06-05T17:12:31+00:00","description":"Artículo de bienvenida de la entidad CREAR Y COMPARTIR, una asociación sociocultural afincada en Abrera desde 2023.","breadcrumb":{"@id":"https:\/\/crearcompartir.com\/wordpress\/#breadcrumb"},"inLanguage":"es","potentialAction":[{"@type":"ReadAction","target":["https:\/\/crearcompartir.com\/wordpress\/"]}]},{"@type":"BreadcrumbList","@id":"https:\/\/crearcompartir.com\/wordpress\/#breadcrumb","itemListElement":[{"@type":"ListItem","position":1,"name":"Portada","item":"https:\/\/crearcompartir.com\/wordpress\/"},{"@type":"ListItem","position":2,"name":"Bienvenid@s a CREAR Y COMPARTIR"}]},{"@type":"WebSite","@id":"https:\/\/crearcompartir.com\/wordpress\/#website","url":"https:\/\/crearcompartir.com\/wordpress\/","name":"Crear Compartir","description":"Web oficial de la entidad sociocultural Crear Compartir","publisher":{"@id":"https:\/\/crearcompartir.com\/wordpress\/#organization"},"potentialAction":[{"@type":"SearchAction","target":{"@type":"EntryPoint","urlTemplate":"https:\/\/crearcompartir.com\/wordpress\/?s={search_term_string}"},"query-input":{"@type":"PropertyValueSpecification","valueRequired":true,"valueName":"search_term_string"}}],"inLanguage":"es"},{"@type":"Organization","@id":"https:\/\/crearcompartir.com\/wordpress\/#organization","name":"Asociación Crear y Compartir","url":"https:\/\/crearcompartir.com\/wordpress\/","logo":{"@type":"ImageObject","inLanguage":"es","@id":"https:\/\/crearcompartir.com\/wordpress\/#\/schema\/logo\/image\/","url":"https:\/\/crearcompartir.com\/wordpress\/wp-content\/uploads\/2023\/10\/logo_transparent-e1696433415887.png","contentUrl":"https:\/\/crearcompartir.com\/wordpress\/wp-content\/uploads\/2023\/10\/logo_transparent-e1696433415887.png","width":199,"height":131,"caption":"Asociación Crear y Compartir"},"image":{"@id":"https:\/\/crearcompartir.com\/wordpress\/#\/schema\/logo\/image\/"},"sameAs":["https:\/\/www.facebook.com\/profile.php?id=100093587113765","https:\/\/x.com\/crearcompartir","https:\/\/www.instagram.com\/crearcompartir\/"]}]}</script>
<!-- / Yoast SEO plugin. -->

Artículo de bienvenida de la entidad CREAR Y COMPARTIR, una asociación sociocultural afincada en Abrera desde 2023.

Asociación Crear y Compartir
