{"id":298,"date":"2023-11-16T17:42:24","date_gmt":"2023-11-16T15:42:24","guid":{"rendered":"https:\/\/crearcompartir.com\/wordpress\/?page_id=298"},"modified":"2024-02-16T13:40:43","modified_gmt":"2024-02-16T11:40:43","slug":"colabora","status":"publish","type":"page","link":"https:\/\/crearcompartir.com\/wordpress\/colabora\/","title":{"rendered":"Colabora con nosotras"},"content":{"rendered":"\n<figure class=\"wp-block-image size-full\"><img loading=\"lazy\" decoding=\"async\" width=\"1000\" height=\"668\" src=\"https:\/\/crearcompartir.com\/wordpress\/wp-content\/uploads\/2023\/11\/Encuentro_CM.jpg\" alt=\"\" class=\"wp-image-324\" srcset=\"https:\/\/crearcompartir.com\/wordpress\/wp-content\/uploads\/2023\/11\/Encuentro_CM.jpg 1000w, https:\/\/crearcompartir.com\/wordpress\/wp-content\/uploads\/2023\/11\/Encuentro_CM-300x200.jpg 300w, https:\/\/crearcompartir.com\/wordpress\/wp-content\/uploads\/2023\/11\/Encuentro_CM-768x513.jpg 768w, https:\/\/crearcompartir.com\/wordpress\/wp-content\/uploads\/2023\/11\/Encuentro_CM-272x182.jpg 272w\" sizes=\"auto, (max-width: 1000px) 100vw, 1000px\" \/><figcaption class=\"wp-element-caption\"><em>\u00a9 Ivan Gil<\/em><\/figcaption><\/figure>\n\n\n\n<p class=\"has-text-align-justify\">Somos una entidad 100% privada con el objetivo de promover la cultura, el arte, la creaci\u00f3n y el crecimiento personal.<\/p>\n\n\n\n<p class=\"has-text-align-justify\">El dinero que recaudamos va destinado a cubrir los gastos b\u00e1sicos de los eventos que organizamos, comprar material t\u00e9cnico y pagar a los artistas y creativos que vienen a presentar sus propuestas a <strong>Encuentro<\/strong>.<\/p>\n\n\n\n<p>Puedes colaborar con nosotras de diferentes maneras:<\/p>\n\n\n\n<ul class=\"wp-block-list\">\n<li><strong>Viniendo<\/strong> a disfrutar de nuestros eventos como p\u00fablico.<\/li>\n\n\n\n<li>Haci\u00e9ndonos alguna <strong>propuesta<\/strong> creativa y desarroll\u00e1ndola con nosotras.<\/li>\n\n\n\n<li><strong>Hablando<\/strong> de nosotras con vuestr@s amig@s y conocid@s, anim\u00e1ndoles a venir a los eventos que organizamos, recomend\u00e1ndonos.<\/li>\n\n\n\n<li>Mencion\u00e1ndonos en las <strong>redes sociales<\/strong>. Etiquetad @crearcompartir en vuestros posts, tweets, stories y dem\u00e1s tras haber venido a disfrutar de alg\u00fan evento y\/o antes de que estos se desarrollen, haciendo correr la voz sobre lo que vamos organizando en <strong>Encuentro<\/strong>.<\/li>\n\n\n\n<li>Realizando una <strong>donaci\u00f3n<\/strong> a nuestra entidad: la Associaci\u00f3 Crear i Compartir. Enviadnos un email a <a href=\"mailto:info@crearcompartir.com\" target=\"_blank\" rel=\"noreferrer noopener\">info@crearcompartir.com<\/a> con vuestros datos y la aportaci\u00f3n que dese\u00e1is hacer y os daremos respuesta con los datos bancarios de la entidad y os haremos llegar el certificado de donaci\u00f3n con el que os podr\u00e9is desgravar en la pr\u00f3xima declaraci\u00f3n de renta o en el impuesto de sociedades.<\/li>\n\n\n\n<li><strong>Patrocinando<\/strong> nuestros eventos y\/o nuestros ciclos: Pod\u00e9is posicionar vuestra Marca comercial como patrocinadora de alguno de nuestros eventos. De esta manera le proporcion\u00e1is visibilidad, a la vez que se asocia con la cultura y el desarrollo personal. Los patrocinios pueden ser econ\u00f3micos o a trav\u00e9s de producto. Contactad con nosotras y os proporcionaremos m\u00e1s informaci\u00f3n.<\/li>\n<\/ul>\n\n\n\n<h2 class=\"wp-block-heading\"><u>Ventajas fiscales de las donaciones<\/u><\/h2>\n\n\n\n<p class=\"has-text-align-justify\">Las donaciones, tanto las de personas f\u00edsicas como las de las empresas, generan beneficios fiscales. Estas ventajas est\u00e1n reguladas por la Ley 26\/2014.<\/p>\n\n\n\n<p class=\"has-text-align-justify\">En el caso de las <strong>personas f\u00edsicas<\/strong>, tienen derecho a deducir sus donativos en la declaraci\u00f3n de la renta. Son los siguientes:<\/p>\n\n\n\n<ul class=\"wp-block-list\">\n<li>Los primeros <strong>150 euros<\/strong> anuales cuentan con un <strong>75%<\/strong> de desgravaci\u00f3n.<\/li>\n\n\n\n<li>A partir de esta cifra, se puede desgravar tambi\u00e9n el <strong>30% del importe restante<\/strong> del donativo.<\/li>\n<\/ul>\n\n\n\n<p class=\"has-text-align-justify\">Para poder desgravar la donaci\u00f3n, ser\u00e1 necesario que en el momento de hacer la declaraci\u00f3n de la renta se disponga del certificado que te remitiremos al realizar la donaci\u00f3n.<\/p>\n\n\n\n<p class=\"has-text-align-justify\">Respecto a las <strong>empresas<\/strong>, se <strong>puede deducir el impuesto de sociedades un 35%<\/strong> de la aportaci\u00f3n econ\u00f3mica o valorizada (en forma de productos y servicios) que se haya hecho. Si la contribuci\u00f3n de la empresa ha sido constante en los \u00faltimos tres a\u00f1os fiscales, con un importe superior a los 150 euros, se podr\u00e1 deducir del impuesto de sociedades <strong>un 40%<\/strong> de la aportaci\u00f3n realizada.<\/p>\n","protected":false},"excerpt":{"rendered":"<p>Somos una entidad 100% privada con el objetivo de promover la cultura, el arte, la creaci\u00f3n y el crecimiento personal. El dinero que recaudamos va destinado a cubrir los gastos b\u00e1sicos de los eventos que organizamos, comprar material t\u00e9cnico y pagar a los artistas y creativos que vienen a presentar sus propuestas a Encuentro. Puedes [&hellip;]<\/p>\n","protected":false},"author":1,"featured_media":0,"parent":0,"menu_order":0,"comment_status":"closed","ping_status":"closed","template":"","meta":{"footnotes":""},"class_list":["post-298","page","type-page","status-publish","hentry","post"],"yoast_head":"<!-- This site is optimized with the Yoast SEO plugin v27.3 - https:\/\/yoast.com\/product\/yoast-seo-wordpress\/ -->\n<title>Colabora con nosotras - Crear Compartir<\/title>\n<meta name=\"description\" content=\"Colabora con la Associaci\u00f3 Crear i Compartir dando voz a nuestros eventos, haci\u00e9ndonos propuestas y\/o a trav\u00e9s de donaciones.\" \/>\n<meta name=\"robots\" content=\"index, follow, max-snippet:-1, max-image-preview:large, max-video-preview:-1\" \/>\n<link rel=\"canonical\" href=\"https:\/\/crearcompartir.com\/wordpress\/colabora\/\" \/>\n<meta property=\"og:locale\" content=\"es_ES\" \/>\n<meta property=\"og:type\" content=\"article\" \/>\n<meta property=\"og:title\" content=\"Colabora con nosotras - Crear Compartir\" \/>\n<meta property=\"og:description\" content=\"Colabora con la Associaci\u00f3 Crear i Compartir dando voz a nuestros eventos, haci\u00e9ndonos propuestas y\/o a trav\u00e9s de donaciones.\" \/>\n<meta property=\"og:url\" content=\"https:\/\/crearcompartir.com\/wordpress\/colabora\/\" \/>\n<meta property=\"og:site_name\" content=\"Crear Compartir\" \/>\n<meta property=\"article:publisher\" content=\"https:\/\/www.facebook.com\/profile.php?id=100093587113765\" \/>\n<meta property=\"article:modified_time\" content=\"2024-02-16T11:40:43+00:00\" \/>\n<meta property=\"og:image\" content=\"https:\/\/crearcompartir.com\/wordpress\/wp-content\/uploads\/2023\/11\/Encuentro_CM.jpg\" \/>\n<meta name=\"twitter:card\" content=\"summary_large_image\" \/>\n<meta name=\"twitter:site\" content=\"@crearcompartir\" \/>\n<meta name=\"twitter:label1\" content=\"Tiempo de lectura\" \/>\n\t<meta name=\"twitter:data1\" content=\"3 minutos\" \/>\n<script type=\"application\/ld+json\" class=\"yoast-schema-graph\">{\"@context\":\"https:\\\/\\\/schema.org\",\"@graph\":[{\"@type\":\"WebPage\",\"@id\":\"https:\\\/\\\/crearcompartir.com\\\/wordpress\\\/colabora\\\/\",\"url\":\"https:\\\/\\\/crearcompartir.com\\\/wordpress\\\/colabora\\\/\",\"name\":\"Colabora con nosotras - Crear Compartir\",\"isPartOf\":{\"@id\":\"https:\\\/\\\/crearcompartir.com\\\/wordpress\\\/#website\"},\"primaryImageOfPage\":{\"@id\":\"https:\\\/\\\/crearcompartir.com\\\/wordpress\\\/colabora\\\/#primaryimage\"},\"image\":{\"@id\":\"https:\\\/\\\/crearcompartir.com\\\/wordpress\\\/colabora\\\/#primaryimage\"},\"thumbnailUrl\":\"https:\\\/\\\/crearcompartir.com\\\/wordpress\\\/wp-content\\\/uploads\\\/2023\\\/11\\\/Encuentro_CM.jpg\",\"datePublished\":\"2023-11-16T15:42:24+00:00\",\"dateModified\":\"2024-02-16T11:40:43+00:00\",\"description\":\"Colabora con la Associaci\u00f3 Crear i Compartir dando voz a nuestros eventos, haci\u00e9ndonos propuestas y\\\/o a trav\u00e9s de donaciones.\",\"breadcrumb\":{\"@id\":\"https:\\\/\\\/crearcompartir.com\\\/wordpress\\\/colabora\\\/#breadcrumb\"},\"inLanguage\":\"es\",\"potentialAction\":[{\"@type\":\"ReadAction\",\"target\":[\"https:\\\/\\\/crearcompartir.com\\\/wordpress\\\/colabora\\\/\"]}]},{\"@type\":\"ImageObject\",\"inLanguage\":\"es\",\"@id\":\"https:\\\/\\\/crearcompartir.com\\\/wordpress\\\/colabora\\\/#primaryimage\",\"url\":\"https:\\\/\\\/crearcompartir.com\\\/wordpress\\\/wp-content\\\/uploads\\\/2023\\\/11\\\/Encuentro_CM.jpg\",\"contentUrl\":\"https:\\\/\\\/crearcompartir.com\\\/wordpress\\\/wp-content\\\/uploads\\\/2023\\\/11\\\/Encuentro_CM.jpg\",\"width\":1000,\"height\":668},{\"@type\":\"BreadcrumbList\",\"@id\":\"https:\\\/\\\/crearcompartir.com\\\/wordpress\\\/colabora\\\/#breadcrumb\",\"itemListElement\":[{\"@type\":\"ListItem\",\"position\":1,\"name\":\"Portada\",\"item\":\"https:\\\/\\\/crearcompartir.com\\\/wordpress\\\/\"},{\"@type\":\"ListItem\",\"position\":2,\"name\":\"Colabora con nosotras\"}]},{\"@type\":\"WebSite\",\"@id\":\"https:\\\/\\\/crearcompartir.com\\\/wordpress\\\/#website\",\"url\":\"https:\\\/\\\/crearcompartir.com\\\/wordpress\\\/\",\"name\":\"Crear Compartir\",\"description\":\"Web oficial de la entidad sociocultural Crear Compartir\",\"publisher\":{\"@id\":\"https:\\\/\\\/crearcompartir.com\\\/wordpress\\\/#organization\"},\"potentialAction\":[{\"@type\":\"SearchAction\",\"target\":{\"@type\":\"EntryPoint\",\"urlTemplate\":\"https:\\\/\\\/crearcompartir.com\\\/wordpress\\\/?s={search_term_string}\"},\"query-input\":{\"@type\":\"PropertyValueSpecification\",\"valueRequired\":true,\"valueName\":\"search_term_string\"}}],\"inLanguage\":\"es\"},{\"@type\":\"Organization\",\"@id\":\"https:\\\/\\\/crearcompartir.com\\\/wordpress\\\/#organization\",\"name\":\"Asociaci\u00f3n Crear y Compartir\",\"url\":\"https:\\\/\\\/crearcompartir.com\\\/wordpress\\\/\",\"logo\":{\"@type\":\"ImageObject\",\"inLanguage\":\"es\",\"@id\":\"https:\\\/\\\/crearcompartir.com\\\/wordpress\\\/#\\\/schema\\\/logo\\\/image\\\/\",\"url\":\"https:\\\/\\\/crearcompartir.com\\\/wordpress\\\/wp-content\\\/uploads\\\/2023\\\/10\\\/logo_transparent-e1696433415887.png\",\"contentUrl\":\"https:\\\/\\\/crearcompartir.com\\\/wordpress\\\/wp-content\\\/uploads\\\/2023\\\/10\\\/logo_transparent-e1696433415887.png\",\"width\":199,\"height\":131,\"caption\":\"Asociaci\u00f3n Crear y Compartir\"},\"image\":{\"@id\":\"https:\\\/\\\/crearcompartir.com\\\/wordpress\\\/#\\\/schema\\\/logo\\\/image\\\/\"},\"sameAs\":[\"https:\\\/\\\/www.facebook.com\\\/profile.php?id=100093587113765\",\"https:\\\/\\\/x.com\\\/crearcompartir\",\"https:\\\/\\\/www.instagram.com\\\/crearcompartir\\\/\"]}]}<\/script>\n<!-- \/ Yoast SEO plugin. -->","yoast_head_json":{"title":"Colabora con nosotras - Crear Compartir","description":"Colabora con la Associaci\u00f3 Crear i Compartir dando voz a nuestros eventos, haci\u00e9ndonos propuestas y\/o a trav\u00e9s de donaciones.","robots":{"index":"index","follow":"follow","max-snippet":"max-snippet:-1","max-image-preview":"max-image-preview:large","max-video-preview":"max-video-preview:-1"},"canonical":"https:\/\/crearcompartir.com\/wordpress\/colabora\/","og_locale":"es_ES","og_type":"article","og_title":"Colabora con nosotras - Crear Compartir","og_description":"Colabora con la Associaci\u00f3 Crear i Compartir dando voz a nuestros eventos, haci\u00e9ndonos propuestas y\/o a trav\u00e9s de donaciones.","og_url":"https:\/\/crearcompartir.com\/wordpress\/colabora\/","og_site_name":"Crear Compartir","article_publisher":"https:\/\/www.facebook.com\/profile.php?id=100093587113765","article_modified_time":"2024-02-16T11:40:43+00:00","og_image":[{"url":"https:\/\/crearcompartir.com\/wordpress\/wp-content\/uploads\/2023\/11\/Encuentro_CM.jpg","type":"","width":"","height":""}],"twitter_card":"summary_large_image","twitter_site":"@crearcompartir","twitter_misc":{"Tiempo de lectura":"3 minutos"},"schema":{"@context":"https:\/\/schema.org","@graph":[{"@type":"WebPage","@id":"https:\/\/crearcompartir.com\/wordpress\/colabora\/","url":"https:\/\/crearcompartir.com\/wordpress\/colabora\/","name":"Colabora con nosotras - Crear Compartir","isPartOf":{"@id":"https:\/\/crearcompartir.com\/wordpress\/#website"},"primaryImageOfPage":{"@id":"https:\/\/crearcompartir.com\/wordpress\/colabora\/#primaryimage"},"image":{"@id":"https:\/\/crearcompartir.com\/wordpress\/colabora\/#primaryimage"},"thumbnailUrl":"https:\/\/crearcompartir.com\/wordpress\/wp-content\/uploads\/2023\/11\/Encuentro_CM.jpg","datePublished":"2023-11-16T15:42:24+00:00","dateModified":"2024-02-16T11:40:43+00:00","description":"Colabora con la Associaci\u00f3 Crear i Compartir dando voz a nuestros eventos, haci\u00e9ndonos propuestas y\/o a trav\u00e9s de donaciones.","breadcrumb":{"@id":"https:\/\/crearcompartir.com\/wordpress\/colabora\/#breadcrumb"},"inLanguage":"es","potentialAction":[{"@type":"ReadAction","target":["https:\/\/crearcompartir.com\/wordpress\/colabora\/"]}]},{"@type":"ImageObject","inLanguage":"es","@id":"https:\/\/crearcompartir.com\/wordpress\/colabora\/#primaryimage","url":"https:\/\/crearcompartir.com\/wordpress\/wp-content\/uploads\/2023\/11\/Encuentro_CM.jpg","contentUrl":"https:\/\/crearcompartir.com\/wordpress\/wp-content\/uploads\/2023\/11\/Encuentro_CM.jpg","width":1000,"height":668},{"@type":"BreadcrumbList","@id":"https:\/\/crearcompartir.com\/wordpress\/colabora\/#breadcrumb","itemListElement":[{"@type":"ListItem","position":1,"name":"Portada","item":"https:\/\/crearcompartir.com\/wordpress\/"},{"@type":"ListItem","position":2,"name":"Colabora con nosotras"}]},{"@type":"WebSite","@id":"https:\/\/crearcompartir.com\/wordpress\/#website","url":"https:\/\/crearcompartir.com\/wordpress\/","name":"Crear Compartir","description":"Web oficial de la entidad sociocultural Crear Compartir","publisher":{"@id":"https:\/\/crearcompartir.com\/wordpress\/#organization"},"potentialAction":[{"@type":"SearchAction","target":{"@type":"EntryPoint","urlTemplate":"https:\/\/crearcompartir.com\/wordpress\/?s={search_term_string}"},"query-input":{"@type":"PropertyValueSpecification","valueRequired":true,"valueName":"search_term_string"}}],"inLanguage":"es"},{"@type":"Organization","@id":"https:\/\/crearcompartir.com\/wordpress\/#organization","name":"Asociaci\u00f3n Crear y Compartir","url":"https:\/\/crearcompartir.com\/wordpress\/","logo":{"@type":"ImageObject","inLanguage":"es","@id":"https:\/\/crearcompartir.com\/wordpress\/#\/schema\/logo\/image\/","url":"https:\/\/crearcompartir.com\/wordpress\/wp-content\/uploads\/2023\/10\/logo_transparent-e1696433415887.png","contentUrl":"https:\/\/crearcompartir.com\/wordpress\/wp-content\/uploads\/2023\/10\/logo_transparent-e1696433415887.png","width":199,"height":131,"caption":"Asociaci\u00f3n Crear y Compartir"},"image":{"@id":"https:\/\/crearcompartir.com\/wordpress\/#\/schema\/logo\/image\/"},"sameAs":["https:\/\/www.facebook.com\/profile.php?id=100093587113765","https:\/\/x.com\/crearcompartir","https:\/\/www.instagram.com\/crearcompartir\/"]}]}},"jetpack_sharing_enabled":true,"_links":{"self":[{"href":"https:\/\/crearcompartir.com\/wordpress\/wp-json\/wp\/v2\/pages\/298","targetHints":{"allow":["GET"]}}],"collection":[{"href":"https:\/\/crearcompartir.com\/wordpress\/wp-json\/wp\/v2\/pages"}],"about":[{"href":"https:\/\/crearcompartir.com\/wordpress\/wp-json\/wp\/v2\/types\/page"}],"author":[{"embeddable":true,"href":"https:\/\/crearcompartir.com\/wordpress\/wp-json\/wp\/v2\/users\/1"}],"replies":[{"embeddable":true,"href":"https:\/\/crearcompartir.com\/wordpress\/wp-json\/wp\/v2\/comments?post=298"}],"version-history":[{"count":5,"href":"https:\/\/crearcompartir.com\/wordpress\/wp-json\/wp\/v2\/pages\/298\/revisions"}],"predecessor-version":[{"id":521,"href":"https:\/\/crearcompartir.com\/wordpress\/wp-json\/wp\/v2\/pages\/298\/revisions\/521"}],"wp:attachment":[{"href":"https:\/\/crearcompartir.com\/wordpress\/wp-json\/wp\/v2\/media?parent=298"}],"curies":[{"name":"wp","href":"https:\/\/api.w.org\/{rel}","templated":true}]}}