{"id":714,"date":"2024-11-05T14:30:23","date_gmt":"2024-11-05T12:30:23","guid":{"rendered":"https:\/\/crearcompartir.com\/wordpress\/?post_type=tribe_events&#038;p=714"},"modified":"2024-11-05T14:30:23","modified_gmt":"2024-11-05T12:30:23","slug":"magia-de-cerca-con-lean-furtado","status":"publish","type":"tribe_events","link":"https:\/\/crearcompartir.com\/wordpress\/agenda\/magia-de-cerca-con-lean-furtado\/","title":{"rendered":"Magia de Cerca con Lean Furtado"},"content":{"rendered":"<p>Tras el \u00e9xito de Yago el Mago\u00a0 el pasado mes de octubre, <strong>la magia de cerca vuelve a ENCUENTRO<\/strong> con el Uruguayo <strong>Leandro Furtado<\/strong>.<\/p>\n<p>Leandro particip\u00f3 en Got Talent Espa\u00f1a en 2023 y viene a nuestro pa\u00eds durante una temporada limitada para presentar su \u00faltimo espect\u00e1culo de Magia de Cerca.<\/p>\n<p>As\u00ed se presenta Leandro:<\/p>\n<p>\u00ab<em>Soy Leandro, un mago uruguayo que utiliza la magia como herramienta para crear experiencias memorables. Mi estilo personal desaf\u00eda los convencionalismos del arte m\u00e1gico, desde mi imagen hasta lo que presento en el escenario. A trav\u00e9s de mi actuaci\u00f3n, busco no solo entretener y sorprender, sino tambi\u00e9n tocar las fibras m\u00e1s profundas del p\u00fablico, generando una conexi\u00f3n emocional que va m\u00e1s all\u00e1 de los juegos de magia.<\/em>\u00bb<\/p>\n<p><strong>Entradas: 10\u20ac<\/strong><\/p>\n<p>A la venta en <a href=\"https:\/\/entradium.com\/events\/magia-de-cerca-con-lean-furtado\" target=\"_blank\" rel=\"noopener\">https:\/\/entradium.com\/events\/magia-de-cerca-con-lean-furtado<\/a><\/p>\n","protected":false},"excerpt":{"rendered":"<p>Tras el \u00e9xito de Yago el Mago\u00a0 el pasado mes de octubre, la magia de cerca vuelve a ENCUENTRO con el Uruguayo Leandro Furtado. Leandro particip\u00f3 en Got Talent Espa\u00f1a en 2023 y viene a nuestro pa\u00eds durante una temporada limitada para presentar su \u00faltimo espect\u00e1culo de Magia de Cerca. As\u00ed se presenta Leandro: \u00abSoy [&hellip;]<\/p>\n","protected":false},"author":1,"featured_media":715,"template":"","meta":{"_tribe_events_status":"","_tribe_events_status_reason":"","footnotes":""},"tags":[],"tribe_events_cat":[30],"class_list":["post-714","tribe_events","type-tribe_events","status-publish","has-post-thumbnail","hentry","tribe_events_cat-magia","cat_magia","post","post-with-thumbnail","post-with-thumbnail-large"],"yoast_head":"<!-- This site is optimized with the Yoast SEO plugin v27.5 - https:\/\/yoast.com\/product\/yoast-seo-wordpress\/ -->\n<title>Magia de Cerca con Lean Furtado - Crear Compartir<\/title>\n<meta name=\"robots\" content=\"index, follow, max-snippet:-1, max-image-preview:large, max-video-preview:-1\" \/>\n<link rel=\"canonical\" href=\"https:\/\/crearcompartir.com\/wordpress\/agenda\/magia-de-cerca-con-lean-furtado\/\" \/>\n<meta property=\"og:locale\" content=\"es_ES\" \/>\n<meta property=\"og:type\" content=\"article\" \/>\n<meta property=\"og:title\" content=\"Magia de Cerca con Lean Furtado - Crear Compartir\" \/>\n<meta property=\"og:description\" content=\"Tras el \u00e9xito de Yago el Mago\u00a0 el pasado mes de octubre, la magia de cerca vuelve a ENCUENTRO con el Uruguayo Leandro Furtado. Leandro particip\u00f3 en Got Talent Espa\u00f1a en 2023 y viene a nuestro pa\u00eds durante una temporada limitada para presentar su \u00faltimo espect\u00e1culo de Magia de Cerca. As\u00ed se presenta Leandro: \u00abSoy [&hellip;]\" \/>\n<meta property=\"og:url\" content=\"https:\/\/crearcompartir.com\/wordpress\/agenda\/magia-de-cerca-con-lean-furtado\/\" \/>\n<meta property=\"og:site_name\" content=\"Crear Compartir\" \/>\n<meta property=\"article:publisher\" content=\"https:\/\/www.facebook.com\/profile.php?id=100093587113765\" \/>\n<meta property=\"og:image\" content=\"http:\/\/crearcompartir.com\/wordpress\/wp-content\/uploads\/2024\/11\/Lean_200.jpg\" \/>\n\t<meta property=\"og:image:width\" content=\"200\" \/>\n\t<meta property=\"og:image:height\" content=\"283\" \/>\n\t<meta property=\"og:image:type\" content=\"image\/jpeg\" \/>\n<meta name=\"twitter:card\" content=\"summary_large_image\" \/>\n<meta name=\"twitter:site\" content=\"@crearcompartir\" \/>\n<meta name=\"twitter:label1\" content=\"Tiempo de lectura\" \/>\n\t<meta name=\"twitter:data1\" content=\"1 minuto\" \/>\n<script type=\"application\/ld+json\" class=\"yoast-schema-graph\">{\"@context\":\"https:\\\/\\\/schema.org\",\"@graph\":[{\"@type\":\"WebPage\",\"@id\":\"https:\\\/\\\/crearcompartir.com\\\/wordpress\\\/agenda\\\/magia-de-cerca-con-lean-furtado\\\/\",\"url\":\"https:\\\/\\\/crearcompartir.com\\\/wordpress\\\/agenda\\\/magia-de-cerca-con-lean-furtado\\\/\",\"name\":\"Magia de Cerca con Lean Furtado - Crear Compartir\",\"isPartOf\":{\"@id\":\"https:\\\/\\\/crearcompartir.com\\\/wordpress\\\/#website\"},\"primaryImageOfPage\":{\"@id\":\"https:\\\/\\\/crearcompartir.com\\\/wordpress\\\/agenda\\\/magia-de-cerca-con-lean-furtado\\\/#primaryimage\"},\"image\":{\"@id\":\"https:\\\/\\\/crearcompartir.com\\\/wordpress\\\/agenda\\\/magia-de-cerca-con-lean-furtado\\\/#primaryimage\"},\"thumbnailUrl\":\"https:\\\/\\\/crearcompartir.com\\\/wordpress\\\/wp-content\\\/uploads\\\/2024\\\/11\\\/Lean_200.jpg\",\"datePublished\":\"2024-11-05T12:30:23+00:00\",\"breadcrumb\":{\"@id\":\"https:\\\/\\\/crearcompartir.com\\\/wordpress\\\/agenda\\\/magia-de-cerca-con-lean-furtado\\\/#breadcrumb\"},\"inLanguage\":\"es\",\"potentialAction\":[{\"@type\":\"ReadAction\",\"target\":[\"https:\\\/\\\/crearcompartir.com\\\/wordpress\\\/agenda\\\/magia-de-cerca-con-lean-furtado\\\/\"]}]},{\"@type\":\"ImageObject\",\"inLanguage\":\"es\",\"@id\":\"https:\\\/\\\/crearcompartir.com\\\/wordpress\\\/agenda\\\/magia-de-cerca-con-lean-furtado\\\/#primaryimage\",\"url\":\"https:\\\/\\\/crearcompartir.com\\\/wordpress\\\/wp-content\\\/uploads\\\/2024\\\/11\\\/Lean_200.jpg\",\"contentUrl\":\"https:\\\/\\\/crearcompartir.com\\\/wordpress\\\/wp-content\\\/uploads\\\/2024\\\/11\\\/Lean_200.jpg\",\"width\":200,\"height\":283},{\"@type\":\"BreadcrumbList\",\"@id\":\"https:\\\/\\\/crearcompartir.com\\\/wordpress\\\/agenda\\\/magia-de-cerca-con-lean-furtado\\\/#breadcrumb\",\"itemListElement\":[{\"@type\":\"ListItem\",\"position\":1,\"name\":\"Portada\",\"item\":\"https:\\\/\\\/crearcompartir.com\\\/wordpress\\\/\"},{\"@type\":\"ListItem\",\"position\":2,\"name\":\"Eventos\",\"item\":\"https:\\\/\\\/crearcompartir.com\\\/wordpress\\\/agenda\\\/\"},{\"@type\":\"ListItem\",\"position\":3,\"name\":\"Magia de Cerca con Lean Furtado\"}]},{\"@type\":\"WebSite\",\"@id\":\"https:\\\/\\\/crearcompartir.com\\\/wordpress\\\/#website\",\"url\":\"https:\\\/\\\/crearcompartir.com\\\/wordpress\\\/\",\"name\":\"Crear Compartir\",\"description\":\"Web oficial de la entidad sociocultural Crear Compartir\",\"publisher\":{\"@id\":\"https:\\\/\\\/crearcompartir.com\\\/wordpress\\\/#organization\"},\"potentialAction\":[{\"@type\":\"SearchAction\",\"target\":{\"@type\":\"EntryPoint\",\"urlTemplate\":\"https:\\\/\\\/crearcompartir.com\\\/wordpress\\\/?s={search_term_string}\"},\"query-input\":{\"@type\":\"PropertyValueSpecification\",\"valueRequired\":true,\"valueName\":\"search_term_string\"}}],\"inLanguage\":\"es\"},{\"@type\":\"Organization\",\"@id\":\"https:\\\/\\\/crearcompartir.com\\\/wordpress\\\/#organization\",\"name\":\"Asociaci\u00f3n Crear y Compartir\",\"url\":\"https:\\\/\\\/crearcompartir.com\\\/wordpress\\\/\",\"logo\":{\"@type\":\"ImageObject\",\"inLanguage\":\"es\",\"@id\":\"https:\\\/\\\/crearcompartir.com\\\/wordpress\\\/#\\\/schema\\\/logo\\\/image\\\/\",\"url\":\"https:\\\/\\\/crearcompartir.com\\\/wordpress\\\/wp-content\\\/uploads\\\/2023\\\/10\\\/logo_transparent-e1696433415887.png\",\"contentUrl\":\"https:\\\/\\\/crearcompartir.com\\\/wordpress\\\/wp-content\\\/uploads\\\/2023\\\/10\\\/logo_transparent-e1696433415887.png\",\"width\":199,\"height\":131,\"caption\":\"Asociaci\u00f3n Crear y Compartir\"},\"image\":{\"@id\":\"https:\\\/\\\/crearcompartir.com\\\/wordpress\\\/#\\\/schema\\\/logo\\\/image\\\/\"},\"sameAs\":[\"https:\\\/\\\/www.facebook.com\\\/profile.php?id=100093587113765\",\"https:\\\/\\\/x.com\\\/crearcompartir\",\"https:\\\/\\\/www.instagram.com\\\/crearcompartir\\\/\"]}]}<\/script>\n<!-- \/ Yoast SEO plugin. -->","yoast_head_json":{"title":"Magia de Cerca con Lean Furtado - Crear Compartir","robots":{"index":"index","follow":"follow","max-snippet":"max-snippet:-1","max-image-preview":"max-image-preview:large","max-video-preview":"max-video-preview:-1"},"canonical":"https:\/\/crearcompartir.com\/wordpress\/agenda\/magia-de-cerca-con-lean-furtado\/","og_locale":"es_ES","og_type":"article","og_title":"Magia de Cerca con Lean Furtado - Crear Compartir","og_description":"Tras el \u00e9xito de Yago el Mago\u00a0 el pasado mes de octubre, la magia de cerca vuelve a ENCUENTRO con el Uruguayo Leandro Furtado. Leandro particip\u00f3 en Got Talent Espa\u00f1a en 2023 y viene a nuestro pa\u00eds durante una temporada limitada para presentar su \u00faltimo espect\u00e1culo de Magia de Cerca. As\u00ed se presenta Leandro: \u00abSoy [&hellip;]","og_url":"https:\/\/crearcompartir.com\/wordpress\/agenda\/magia-de-cerca-con-lean-furtado\/","og_site_name":"Crear Compartir","article_publisher":"https:\/\/www.facebook.com\/profile.php?id=100093587113765","og_image":[{"width":200,"height":283,"url":"http:\/\/crearcompartir.com\/wordpress\/wp-content\/uploads\/2024\/11\/Lean_200.jpg","type":"image\/jpeg"}],"twitter_card":"summary_large_image","twitter_site":"@crearcompartir","twitter_misc":{"Tiempo de lectura":"1 minuto"},"schema":{"@context":"https:\/\/schema.org","@graph":[{"@type":"WebPage","@id":"https:\/\/crearcompartir.com\/wordpress\/agenda\/magia-de-cerca-con-lean-furtado\/","url":"https:\/\/crearcompartir.com\/wordpress\/agenda\/magia-de-cerca-con-lean-furtado\/","name":"Magia de Cerca con Lean Furtado - Crear Compartir","isPartOf":{"@id":"https:\/\/crearcompartir.com\/wordpress\/#website"},"primaryImageOfPage":{"@id":"https:\/\/crearcompartir.com\/wordpress\/agenda\/magia-de-cerca-con-lean-furtado\/#primaryimage"},"image":{"@id":"https:\/\/crearcompartir.com\/wordpress\/agenda\/magia-de-cerca-con-lean-furtado\/#primaryimage"},"thumbnailUrl":"https:\/\/crearcompartir.com\/wordpress\/wp-content\/uploads\/2024\/11\/Lean_200.jpg","datePublished":"2024-11-05T12:30:23+00:00","breadcrumb":{"@id":"https:\/\/crearcompartir.com\/wordpress\/agenda\/magia-de-cerca-con-lean-furtado\/#breadcrumb"},"inLanguage":"es","potentialAction":[{"@type":"ReadAction","target":["https:\/\/crearcompartir.com\/wordpress\/agenda\/magia-de-cerca-con-lean-furtado\/"]}]},{"@type":"ImageObject","inLanguage":"es","@id":"https:\/\/crearcompartir.com\/wordpress\/agenda\/magia-de-cerca-con-lean-furtado\/#primaryimage","url":"https:\/\/crearcompartir.com\/wordpress\/wp-content\/uploads\/2024\/11\/Lean_200.jpg","contentUrl":"https:\/\/crearcompartir.com\/wordpress\/wp-content\/uploads\/2024\/11\/Lean_200.jpg","width":200,"height":283},{"@type":"BreadcrumbList","@id":"https:\/\/crearcompartir.com\/wordpress\/agenda\/magia-de-cerca-con-lean-furtado\/#breadcrumb","itemListElement":[{"@type":"ListItem","position":1,"name":"Portada","item":"https:\/\/crearcompartir.com\/wordpress\/"},{"@type":"ListItem","position":2,"name":"Eventos","item":"https:\/\/crearcompartir.com\/wordpress\/agenda\/"},{"@type":"ListItem","position":3,"name":"Magia de Cerca con Lean Furtado"}]},{"@type":"WebSite","@id":"https:\/\/crearcompartir.com\/wordpress\/#website","url":"https:\/\/crearcompartir.com\/wordpress\/","name":"Crear Compartir","description":"Web oficial de la entidad sociocultural Crear Compartir","publisher":{"@id":"https:\/\/crearcompartir.com\/wordpress\/#organization"},"potentialAction":[{"@type":"SearchAction","target":{"@type":"EntryPoint","urlTemplate":"https:\/\/crearcompartir.com\/wordpress\/?s={search_term_string}"},"query-input":{"@type":"PropertyValueSpecification","valueRequired":true,"valueName":"search_term_string"}}],"inLanguage":"es"},{"@type":"Organization","@id":"https:\/\/crearcompartir.com\/wordpress\/#organization","name":"Asociaci\u00f3n Crear y Compartir","url":"https:\/\/crearcompartir.com\/wordpress\/","logo":{"@type":"ImageObject","inLanguage":"es","@id":"https:\/\/crearcompartir.com\/wordpress\/#\/schema\/logo\/image\/","url":"https:\/\/crearcompartir.com\/wordpress\/wp-content\/uploads\/2023\/10\/logo_transparent-e1696433415887.png","contentUrl":"https:\/\/crearcompartir.com\/wordpress\/wp-content\/uploads\/2023\/10\/logo_transparent-e1696433415887.png","width":199,"height":131,"caption":"Asociaci\u00f3n Crear y Compartir"},"image":{"@id":"https:\/\/crearcompartir.com\/wordpress\/#\/schema\/logo\/image\/"},"sameAs":["https:\/\/www.facebook.com\/profile.php?id=100093587113765","https:\/\/x.com\/crearcompartir","https:\/\/www.instagram.com\/crearcompartir\/"]}]}},"jetpack_sharing_enabled":true,"_links":{"self":[{"href":"https:\/\/crearcompartir.com\/wordpress\/wp-json\/wp\/v2\/tribe_events\/714","targetHints":{"allow":["GET"]}}],"collection":[{"href":"https:\/\/crearcompartir.com\/wordpress\/wp-json\/wp\/v2\/tribe_events"}],"about":[{"href":"https:\/\/crearcompartir.com\/wordpress\/wp-json\/wp\/v2\/types\/tribe_events"}],"author":[{"embeddable":true,"href":"https:\/\/crearcompartir.com\/wordpress\/wp-json\/wp\/v2\/users\/1"}],"version-history":[{"count":1,"href":"https:\/\/crearcompartir.com\/wordpress\/wp-json\/wp\/v2\/tribe_events\/714\/revisions"}],"predecessor-version":[{"id":716,"href":"https:\/\/crearcompartir.com\/wordpress\/wp-json\/wp\/v2\/tribe_events\/714\/revisions\/716"}],"wp:featuredmedia":[{"embeddable":true,"href":"https:\/\/crearcompartir.com\/wordpress\/wp-json\/wp\/v2\/media\/715"}],"wp:attachment":[{"href":"https:\/\/crearcompartir.com\/wordpress\/wp-json\/wp\/v2\/media?parent=714"}],"wp:term":[{"taxonomy":"post_tag","embeddable":true,"href":"https:\/\/crearcompartir.com\/wordpress\/wp-json\/wp\/v2\/tags?post=714"},{"taxonomy":"tribe_events_cat","embeddable":true,"href":"https:\/\/crearcompartir.com\/wordpress\/wp-json\/wp\/v2\/tribe_events_cat?post=714"}],"curies":[{"name":"wp","href":"https:\/\/api.w.org\/{rel}","templated":true}]}}

<p>Tras el éxito de Yago el Mago  el pasado mes de octubre, <strong>la magia de cerca vuelve a ENCUENTRO</strong> con el Uruguayo <strong>Leandro Furtado</strong>.</p>
<p>Leandro participó en Got Talent España en 2023 y viene a nuestro país durante una temporada limitada para presentar su último espectáculo de Magia de Cerca.</p>
<p>Así se presenta Leandro:</p>
<p>«<em>Soy Leandro, un mago uruguayo que utiliza la magia como herramienta para crear experiencias memorables. Mi estilo personal desafía los convencionalismos del arte mágico, desde mi imagen hasta lo que presento en el escenario. A través de mi actuación, busco no solo entretener y sorprender, sino también tocar las fibras más profundas del público, generando una conexión emocional que va más allá de los juegos de magia.</em>»</p>
<p><strong>Entradas: 10€</strong></p>
<p>A la venta en <a href="https://entradium.com/events/magia-de-cerca-con-lean-furtado" target="_blank" rel="noopener">https://entradium.com/events/magia-de-cerca-con-lean-furtado</a></p>

<p>Tras el éxito de Yago el Mago  el pasado mes de octubre, la magia de cerca vuelve a ENCUENTRO con el Uruguayo Leandro Furtado. Leandro participó en Got Talent España en 2023 y viene a nuestro país durante una temporada limitada para presentar su último espectáculo de Magia de Cerca. Así se presenta Leandro: «Soy [&hellip;]</p>

<!-- This site is optimized with the Yoast SEO plugin v27.5 - https://yoast.com/product/yoast-seo-wordpress/ -->
<title>Magia de Cerca con Lean Furtado - Crear Compartir</title>
<meta name="robots" content="index, follow, max-snippet:-1, max-image-preview:large, max-video-preview:-1" />
<link rel="canonical" href="https://crearcompartir.com/wordpress/agenda/magia-de-cerca-con-lean-furtado/" />
<meta property="og:locale" content="es_ES" />
<meta property="og:type" content="article" />
<meta property="og:title" content="Magia de Cerca con Lean Furtado - Crear Compartir" />
<meta property="og:description" content="Tras el éxito de Yago el Mago  el pasado mes de octubre, la magia de cerca vuelve a ENCUENTRO con el Uruguayo Leandro Furtado. Leandro participó en Got Talent España en 2023 y viene a nuestro país durante una temporada limitada para presentar su último espectáculo de Magia de Cerca. Así se presenta Leandro: «Soy [&hellip;]" />
<meta property="og:url" content="https://crearcompartir.com/wordpress/agenda/magia-de-cerca-con-lean-furtado/" />
<meta property="og:site_name" content="Crear Compartir" />
<meta property="article:publisher" content="https://www.facebook.com/profile.php?id=100093587113765" />
<meta property="og:image" content="http://crearcompartir.com/wordpress/wp-content/uploads/2024/11/Lean_200.jpg" />
	<meta property="og:image:width" content="200" />
	<meta property="og:image:height" content="283" />
	<meta property="og:image:type" content="image/jpeg" />
<meta name="twitter:card" content="summary_large_image" />
<meta name="twitter:site" content="@crearcompartir" />
<meta name="twitter:label1" content="Tiempo de lectura" />
	<meta name="twitter:data1" content="1 minuto" />
<script type="application/ld+json" class="yoast-schema-graph">{"@context":"https:\/\/schema.org","@graph":[{"@type":"WebPage","@id":"https:\/\/crearcompartir.com\/wordpress\/agenda\/magia-de-cerca-con-lean-furtado\/","url":"https:\/\/crearcompartir.com\/wordpress\/agenda\/magia-de-cerca-con-lean-furtado\/","name":"Magia de Cerca con Lean Furtado - Crear Compartir","isPartOf":{"@id":"https:\/\/crearcompartir.com\/wordpress\/#website"},"primaryImageOfPage":{"@id":"https:\/\/crearcompartir.com\/wordpress\/agenda\/magia-de-cerca-con-lean-furtado\/#primaryimage"},"image":{"@id":"https:\/\/crearcompartir.com\/wordpress\/agenda\/magia-de-cerca-con-lean-furtado\/#primaryimage"},"thumbnailUrl":"https:\/\/crearcompartir.com\/wordpress\/wp-content\/uploads\/2024\/11\/Lean_200.jpg","datePublished":"2024-11-05T12:30:23+00:00","breadcrumb":{"@id":"https:\/\/crearcompartir.com\/wordpress\/agenda\/magia-de-cerca-con-lean-furtado\/#breadcrumb"},"inLanguage":"es","potentialAction":[{"@type":"ReadAction","target":["https:\/\/crearcompartir.com\/wordpress\/agenda\/magia-de-cerca-con-lean-furtado\/"]}]},{"@type":"ImageObject","inLanguage":"es","@id":"https:\/\/crearcompartir.com\/wordpress\/agenda\/magia-de-cerca-con-lean-furtado\/#primaryimage","url":"https:\/\/crearcompartir.com\/wordpress\/wp-content\/uploads\/2024\/11\/Lean_200.jpg","contentUrl":"https:\/\/crearcompartir.com\/wordpress\/wp-content\/uploads\/2024\/11\/Lean_200.jpg","width":200,"height":283},{"@type":"BreadcrumbList","@id":"https:\/\/crearcompartir.com\/wordpress\/agenda\/magia-de-cerca-con-lean-furtado\/#breadcrumb","itemListElement":[{"@type":"ListItem","position":1,"name":"Portada","item":"https:\/\/crearcompartir.com\/wordpress\/"},{"@type":"ListItem","position":2,"name":"Eventos","item":"https:\/\/crearcompartir.com\/wordpress\/agenda\/"},{"@type":"ListItem","position":3,"name":"Magia de Cerca con Lean Furtado"}]},{"@type":"WebSite","@id":"https:\/\/crearcompartir.com\/wordpress\/#website","url":"https:\/\/crearcompartir.com\/wordpress\/","name":"Crear Compartir","description":"Web oficial de la entidad sociocultural Crear Compartir","publisher":{"@id":"https:\/\/crearcompartir.com\/wordpress\/#organization"},"potentialAction":[{"@type":"SearchAction","target":{"@type":"EntryPoint","urlTemplate":"https:\/\/crearcompartir.com\/wordpress\/?s={search_term_string}"},"query-input":{"@type":"PropertyValueSpecification","valueRequired":true,"valueName":"search_term_string"}}],"inLanguage":"es"},{"@type":"Organization","@id":"https:\/\/crearcompartir.com\/wordpress\/#organization","name":"Asociación Crear y Compartir","url":"https:\/\/crearcompartir.com\/wordpress\/","logo":{"@type":"ImageObject","inLanguage":"es","@id":"https:\/\/crearcompartir.com\/wordpress\/#\/schema\/logo\/image\/","url":"https:\/\/crearcompartir.com\/wordpress\/wp-content\/uploads\/2023\/10\/logo_transparent-e1696433415887.png","contentUrl":"https:\/\/crearcompartir.com\/wordpress\/wp-content\/uploads\/2023\/10\/logo_transparent-e1696433415887.png","width":199,"height":131,"caption":"Asociación Crear y Compartir"},"image":{"@id":"https:\/\/crearcompartir.com\/wordpress\/#\/schema\/logo\/image\/"},"sameAs":["https:\/\/www.facebook.com\/profile.php?id=100093587113765","https:\/\/x.com\/crearcompartir","https:\/\/www.instagram.com\/crearcompartir\/"]}]}</script>
<!-- / Yoast SEO plugin. -->

Tras el éxito de Yago el Mago  el pasado mes de octubre, la magia de cerca vuelve a ENCUENTRO con el Uruguayo Leandro Furtado. Leandro participó en Got Talent España en 2023 y viene a nuestro país durante una temporada limitada para presentar su último espectáculo de Magia de Cerca. Así se presenta Leandro: «Soy [&hellip;]

Asociación Crear y Compartir
